{"id":1353,"date":"2019-03-26T04:36:15","date_gmt":"2019-03-26T03:36:15","guid":{"rendered":"http:\/\/localhost\/consultax\/?page_id=1353"},"modified":"2024-10-13T14:49:47","modified_gmt":"2024-10-13T12:49:47","slug":"emplois-et-stages","status":"publish","type":"page","link":"https:\/\/jobs-luxembourg.org\/index.php\/emplois-et-stages\/","title":{"rendered":"Emplois et Stages"},"content":{"rendered":"<p>[vc_row css=&#8221;.vc_custom_1611736080420{background-color: #ffffff !important;}&#8221;][vc_column][vc_empty_space]\n    <div class=\"section-head \">\n                    <h6><span>Faire valoir vos comp\u00e9tences professionnelles<\/span><\/h6>\n                <h2 class=\"section-title\">Offre d'emploi<\/h2>\n            <\/div>\n\n[vc_column_text]Bienvenue sur la page d\u00e9di\u00e9e aux opportunit\u00e9s professionnelles chez Jobs Luxembourg. Nous proposons une gamme diversifi\u00e9e de postes dans divers secteurs, offrant \u00e0 chacun la possibilit\u00e9 de d\u00e9velopper sa carri\u00e8re au c\u0153ur de l&#8217;Europe.[\/vc_column_text][\/vc_column][\/vc_row][vc_row css=&#8221;.vc_custom_1611736116325{background-color: #ffffff !important;}&#8221;][vc_column width=&#8221;1\/2&#8243;][vc_column_text]<\/p>\n<ul>\n<li>audit d&#8217;entreprise<\/li>\n<li>contr\u00f4le de gestion<\/li>\n<li>expertise comptable<\/li>\n<li>gestion des ressources humaines<\/li>\n<li>montage de projet marketing<\/li>\n<li>chauffeur<\/li>\n<li>communication<\/li>\n<li>plomberie<\/li>\n<li>droit des affaires<\/li>\n<li>commerce international<\/li>\n<li>agriculture<\/li>\n<li>agro-industrie et transformation des aliments<\/li>\n<li>connaissance dans les normes de qualit\u00e9s<\/li>\n<li>management de qualit\u00e9<\/li>\n<li>transport et logistique secr\u00e9tariat<\/li>\n<li>secr\u00e9tariat bilingue<\/li>\n<li>secr\u00e9tariat informatis\u00e9<\/li>\n<li>op\u00e9rateur bancaire<\/li>\n<li>brevets<\/li>\n<li>licences intellectuelle<\/li>\n<li>h\u00f4tellerie<\/li>\n<li>restauration<\/li>\n<li>ing\u00e9nierie<\/li>\n<li>informatique<\/li>\n<li>service publique<\/li>\n<li>agronomie<\/li>\n<li>relation publique<\/li>\n<li>T\u00e9l\u00e9communication<\/li>\n<li>V\u00eatement &amp; Mode<\/li>\n<li>m\u00e9decin<\/li>\n<li>g\u00e9om\u00e8tre topographe<\/li>\n<\/ul>\n<p>[\/vc_column_text][\/vc_column][vc_column width=&#8221;1\/2&#8243;][vc_single_image image=&#8221;2284&#8243; img_size=&#8221;full&#8221;][\/vc_column][\/vc_row][vc_row][vc_column][vc_empty_space][vc_custom_heading text=&#8221;Pour b\u00e9n\u00e9ficier de ces offres, vous devez :&#8221; font_container=&#8221;tag:h3|text_align:left&#8221; google_fonts=&#8221;font_family:Anton%3Aregular|font_style:400%20regular%3A400%3Anormal&#8221;][vc_column_text]<\/p>\n<ol>\n<li>\u00eatre \u00e2g\u00e9 de 18 \u00e0 65 ans,<\/li>\n<li>\u00eatre de bonne moralit\u00e9,<\/li>\n<li>\u00eatre disponible \u00e0 voyager,<\/li>\n<li>avoir une ma\u00eetrise de l\u00b4outil informatique,<\/li>\n<li>avoir bien parler le Fran\u00e7ais si possible l\u00b4Anglais,<\/li>\n<li>\u00eatre titulaire d&#8217;un BEPC au moins ou tout autre dipl\u00f4me professionnel<\/li>\n<\/ol>\n<p>[\/vc_column_text][vc_empty_space][vc_custom_heading text=&#8221;Vous devez fournir les pi\u00e8ces ci apr\u00e8s :&#8221; font_container=&#8221;tag:h3|text_align:left&#8221; google_fonts=&#8221;font_family:Anton%3Aregular|font_style:400%20regular%3A400%3Anormal&#8221;][vc_column_text]<\/p>\n<ol>\n<li>un Curricullum Vitae (CV) bien d\u00e9taill\u00e9,<\/li>\n<li>une photo d&#8217;identit\u00e9,<\/li>\n<li>copie de votre Carte d&#8217;Identit\u00e9 Nationale ou Passeport,<\/li>\n<li>formulaire d\u2019inscription compl\u00e9t\u00e9 et sign\u00e9 par vos soins\u00a0<strong><em>(cliquer sur le bouton ci-dessous pour t\u00e9l\u00e9charger le formulaire)<\/em><\/strong><\/li>\n<li>attestation ou dipl\u00f4me donnant acc\u00e8s \u00e0 l&#8217;emploi sollicit\u00e9,<\/li>\n<\/ol>\n<p><strong>Le dossier de candidature d\u00fbment constitu\u00e9, doit \u00eatre envoy\u00e9 par e-mail \u00e0: dossiers@jobs-luxembourg.org<\/strong>[\/vc_column_text][\/vc_column][\/vc_row][vc_section][vc_row][vc_column][vc_btn title=&#8221;T\u00e9l\u00e9charger le Formulaire&#8221; link=&#8221;url:https%3A%2F%2Fjobs-luxembourg.org%2Fwp-content%2Fuploads%2F2024%2F10%2FFormulaire-demande-emploi-Jobs-Luxembourg.pdf|target:_blank&#8221;][\/vc_column][\/vc_row][\/vc_section]<\/p>\n","protected":false},"excerpt":{"rendered":"<p>[vc_row css=&#8221;.vc_custom_1611736080420{background-color: #ffffff !important;}&#8221;][vc_column][vc_empty_space][vc_column_text]Bienvenue sur la page d\u00e9di\u00e9e aux opportunit\u00e9s professionnelles chez Jobs Luxembourg. Nous proposons une gamme diversifi\u00e9e de postes dans divers secteurs, offrant \u00e0 chacun la possibilit\u00e9 de d\u00e9velopper sa carri\u00e8re au c\u0153ur de l&#8217;Europe.[\/vc_column_text][\/vc_column][\/vc_row][vc_row css=&#8221;.vc_custom_1611736116325{background-color: #ffffff !important;}&#8221;][vc_column width=&#8221;1\/2&#8243;][vc_column_text] audit d&#8217;entreprise contr\u00f4le de gestion expertise comptable gestion des ressources humaines montage de projet [&hellip;]<\/p>\n","protected":false},"author":1,"featured_media":0,"parent":0,"menu_order":0,"comment_status":"closed","ping_status":"closed","template":"","meta":{"_monsterinsights_skip_tracking":false,"_monsterinsights_sitenote_active":false,"_monsterinsights_sitenote_note":"","_monsterinsights_sitenote_category":0,"footnotes":""},"class_list":["post-1353","page","type-page","status-publish","hentry"],"aioseo_notices":[],"_links":{"self":[{"href":"https:\/\/jobs-luxembourg.org\/index.php\/wp-json\/wp\/v2\/pages\/1353","targetHints":{"allow":["GET"]}}],"collection":[{"href":"https:\/\/jobs-luxembourg.org\/index.php\/wp-json\/wp\/v2\/pages"}],"about":[{"href":"https:\/\/jobs-luxembourg.org\/index.php\/wp-json\/wp\/v2\/types\/page"}],"author":[{"embeddable":true,"href":"https:\/\/jobs-luxembourg.org\/index.php\/wp-json\/wp\/v2\/users\/1"}],"replies":[{"embeddable":true,"href":"https:\/\/jobs-luxembourg.org\/index.php\/wp-json\/wp\/v2\/comments?post=1353"}],"version-history":[{"count":14,"href":"https:\/\/jobs-luxembourg.org\/index.php\/wp-json\/wp\/v2\/pages\/1353\/revisions"}],"predecessor-version":[{"id":2400,"href":"https:\/\/jobs-luxembourg.org\/index.php\/wp-json\/wp\/v2\/pages\/1353\/revisions\/2400"}],"wp:attachment":[{"href":"https:\/\/jobs-luxembourg.org\/index.php\/wp-json\/wp\/v2\/media?parent=1353"}],"curies":[{"name":"wp","href":"https:\/\/api.w.org\/{rel}","templated":true}]}}